= -a, -q - a + 698 = 2805. Let n = q + 3033. Does 38 divide n?
False
Let t(v) = -869*v**3 + 3*v**2 - 3*v - 1. Does 4 divide t(-1)?
False
Let b(g) = 189*g**2 - 32*g - 4. Is b(-16) a multiple of 68?
True
Let j = 1425 - -843. Suppose 42*u - 33*u = j. Is 36 a factor of u?
True
Let l be ((-9)/(-12) - 10/8)*-6. Suppose 0 = 3*y + 4 + 5, -l*o - 5*y = -1605. Suppose r = 4*r - o. Is 45 a factor of r?
True
Let y(b) = -179*b - 1030. Is y(-11) a multiple of 27?
False
Does 3 divide (-1)/4 + 4218*11/264*3?
False
Let x = 5301 + -3416. Suppose -5*k + x = -2*w + 4*w, 5*k = 2*w + 1865. Is 25 a factor of k?
True
Let f be ((-42)/(-18) + 1)*87. Suppose q + 32 = f. Is q a multiple of 29?
False
Suppose 7080046 = 417*d + 1325029. Does 37 divide d?
True
Suppose -2*l + 99171 = 5*v - 73783, v + l - 34592 = 0. Is v a multiple of 59?
False
Let g(x) = -x**2 + 3*x - 4. Let b be g(1). Let u(d) = -138*d**3 - d**2 - 4*d - 4. Let l be u(b). Suppose -16*z = -8*z - l. Is z a multiple of 27?
False
Let y = 290 - 290. Suppose 9*f - 345 + 12 = y. Does 2 divide f?
False
Suppose -33412 = -35*p + 73*p - 42*p. Is p a multiple of 38?
False
Is 81 a factor of 12/(-9) - 4359344/(-528)?
False
Let f be -2*99*7/42. Let o = f + 145. Is o a multiple of 5?
False
Suppose -16*r + 9*r = -4781. Suppose -787 = -6*o + r. Is 12 a factor of o?
False
Let f(w) = -w**3 + w + 8. Let d(t) = -t - 4. Let x be d(-7). Suppose 0 = -3*m + 2*i - 23, 2*i = -2*m + m + x. Does 32 divide f(m)?
True
Let x = -93 - -138. Let d = x + 163. Is d a multiple of 58?
False
Does 11 divide ((-38)/(-2))/(31/58931)?
False
Let z(a) = -a**3 + 4*a**2 + 233*a - 96. Is 8 a factor of z(-23)?
False
Let z(b) = -118*b - 72. Is z(-9) even?
True
Let s be (11/(-2))/((-8)/64). Let x = 58 + s. Suppose -117 = -b - k, 2*k + x = -b + 2*b. Is b a multiple of 13?
False
Suppose -s + 8 = 5. Let b be -3 + (s/3*2 - 20). Let c(u) = -2*u + 8. Is c(b) a multiple of 25?
True
Suppose 356*b = -350*b + 11872802. Is b a multiple of 53?
False
Let z(g) be the second derivative of -g**4/12 - 19*g**3/6 - 15*g**2/2 + 12*g. Let a be z(-18). Suppose -a*v - 11 = -32. Does 6 divide v?
False
Suppose 15 = 3*v - 4*d, -2*v - 15 = -5*v - d. Suppose -2*i = 2 + 4, 33 = g - v*i. Does 9 divide g?
True
Suppose -2*n + 20*u = 21*u - 21706, n + 9*u = 10904. Is 10 a factor of n?
True
Suppose 2*z - 34583 = -4*y + 3155, 4*y = 5*z + 37759. Does 18 divide y?
False
Suppose 2*z - 2322 = 99 + 6745. Does 4 divide z?
False
Let r = 54 - 54. Let k be (-14)/(-35)*(10/(-2) + r). Does 4 divide (12 - 7)/(k/(-22))?
False
Let a(p) = -24*p**3 + 31*p**2 + 28*p - 12. Let b(o) = 11*o**3 - 16*o**2 - 14*o + 7. Let y(d) = -6*a(d) - 13*b(d). Is 44 a factor of y(-17)?
True
Let t = 6 - 6. Suppose t = o + 2*j, -o + 6*o + 4*j - 12 = 0. Is -1*(-15 + 12/o) a multiple of 4?
True
Suppose -112856 = -4*d - 51*l + 49*l, -2*d + 56440 = 4*l. Is 12 a factor of d?
True
Suppose 45*x = -105*x + 79*x + 1043700. Is 7 a factor of x?
True
Let z(y) = -7*y - 3*y + 0*y + 3*y - 3 + 611*y**2. Is z(-1) a multiple of 41?
True
Suppose -5*m - 4*z = -101338 - 41612, -10 = 2*z. Is m a multiple of 17?
True
Suppose -4*v + l - 2*l - 357 = 0, -4*l = v + 108. Is (v/(-33))/(284/(-288) - -1) a multiple of 4?
True
Let x(m) be the third derivative of m**5/15 - 5*m**4/8 - 2*m**3 - 43*m**2. Let l(c) = -c + 1. Let r(p) = 2*l(p) + x(p). Is 36 a factor of r(-7)?
False
Let q be 11 - ((-2 - -7) + -1). Suppose 0 = q*w - 298 - 374. Let p = w + 30. Is 14 a factor of p?
True
Let m(y) = y**2 - 7*y + 4. Let z(b) = -b**2 + 12*b - 2. Let i be z(9). Suppose -33*x = -28*x + i. Is m(x) a multiple of 32?
True
Suppose -17*r = -23*r - 3978. Let z = -638 - r. Does 25 divide z?
True
Suppose -f + 71666 = n + 4*n, -14330 = -n + 3*f. Is 121 a factor of n?
False
Let z = -55 + 69. Suppose -z*i + 6604 = -i. Let u = i + -340. Is u a multiple of 7?
True
Suppose 20 = 5*o, 5*i - o + 5*o = 10501. Suppose -21*m + i = 18. Does 13 divide m?
False
Suppose -8*o + 21 + 35 = 0. Let p(z) = 36*z + 18. Let t be p(o). Suppose 0 = 6*v - 0*v - t. Is 15 a factor of v?
True
Suppose 0*i + a = i - 18, -3*a = 12. Suppose -5*r + i = 4. Suppose h - 5*x - 155 = -46, r*x = 3*h - 262. Is 7 a factor of h?
True
Let p be 2/8 - (774/(-8) + 1). Suppose -372 = -99*g + p*g. Is 17 a factor of g?
False
Suppose 174*x - 118*x = 31360. Is x a multiple of 10?
True
Let f(p) = -p**2 + 4*p + 3. Let h be f(5). Let a(l) = -8*l**3 - 2*l**2 - 2*l - 4. Let b be a(h). Let x = 93 - b. Does 37 divide x?
True
Does 16 divide ((-6)/3 - -2 - -23)/(127/14224)?
True
Let u be 3/9*-3 + 46. Suppose 0 = -5*f - 25 - u. Does 12 divide (-6)/f + 2055/105?
False
Let u(c) = c + 14. Let r be u(12). Let y(k) = 15*k + 160. Is 19 a factor of y(r)?
False
Suppose 5*w - 2*g + 1050 = 6734, 0 = 3*w - 2*g - 3408. Does 3 divide w?
False
Suppose 4*r - 132*c + 127*c - 65480 = 0, 0 = 5*r + 3*c - 81924. Is 6 a factor of r?
True
Let k(j) = -1886*j - 251. Is 11 a factor of k(-2)?
False
Let u(h) = -256*h + 15. Let o(d) = 85*d - 5. Let i(k) = 8*o(k) + 3*u(k). Let t be i(-3). Suppose 0 = -4*v - 3*m + t, 5*v + 3*m - 2*m = 328. Does 5 divide v?
True
Let q = -97 - -96. Is -42 + 46 + q*(0 + -54) a multiple of 12?
False
Let d = -1134 + 3286. Is 8 a factor of d?
True
Let o(w) = -1343*w**3 - 11*w**2 - 15*w - 3. Let r = -982 - -981. Does 24 divide o(r)?
True
Let f = 78 - 84. Let z = -21 - -55. Let n = f + z. Is 7 a factor of n?
True
Let p be 0/((-6)/(-7 + 13)). Suppose p = -5*r + 842 - 82. Is r a multiple of 8?
True
Let n = 492 - 181. Let f = n - -129. Is 40 a factor of f?
True
Let n(p) = p**2 - 30*p + 142. Suppose -5*x - 884 = -1059. Does 35 divide n(x)?
False
Let d(t) be the first derivative of -1 - 4*t + 10/3*t**3 - 3/2*t**2 + 1/4*t**4. Does 5 divide d(-10)?
False
Let q = 564 + -567. Is 7/(-105)*q + 5547/15 a multiple of 15?
False
Suppose 5*t = c + 20, -c + 2*t - 2 = 3. Suppose -3*a + 726 - 162 = o, 4*a + 2839 = c*o. Does 18 divide o?
False
Let m be 7*(-25)/70*-2. Suppose -12724 + 3269 = -m*l. Is l a multiple of 15?
False
Let m(w) = 5*w - 22. Let z be m(5). Let r(c) = 15*c + 4 - 3*c - z*c. Is r(2) a multiple of 3?
False
Let f(z) = z**3 - 2*z**2 + 5*z - 1. Let w be f(3). Let s = 265 + w. Is s a multiple of 24?
True
Let y(g) = 21*g + 20. Let k be y(5). Let x = k + -101. Does 8 divide x?
True
Let b = 5061 - 4826. Does 2 divide b?
False
Suppose 0 = -g + 28*g - 10287. Is 3 a factor of g?
True
Suppose 0 = -i - 3*i, 3*i = 3*p - 15. Suppose -b - 6*x = -3*x - 8, -p*b - x = -12. Suppose 3*v = b*n - 166, -2*n + 2*v + 47 = -119. Is 10 a factor of n?
False
Suppose -40 - 14 = 2*y. Suppose 3*t - 213 = 2*m, -3*m + 142 = -t + 3*t. Let c = y + t. Does 7 divide c?
False
Suppose w + 1 = 36. Let r = -39 + w. Is 4/(3*r/(-18)) a multiple of 5?
False
Is 10 a factor of ((-18)/5)/((-74)/(-1850) - 2889/71475)?
False
Let u(c) = -63*c - 296. Let m be u(-9). Let h = -166 + 70. Let w = h + m. Is 18 a factor of w?
False
Is 47 a factor of (4100/287)/((-4)/(-1974))?
True
Does 19 divide -5 - 504*(-11)/((-99)/(-144))?
False
Let q(w) = 49*w**2 + 1137*w + 10. Is q(-25) a multiple of 13?
True
Let b(y) = 7057*y**2 + 43*y + 6. Is b(-1) a multiple of 108?
True
Suppose -2*x + 4 = 0, 2*x - 49 = -4*c + 19. Suppose -23*d = -c*d + 28. Let y(s) = -54*s - 51. Is y(d) a multiple of 55?
True
Let o = 117 + -45. Suppose -2*z - z = -o. Suppose 112 = 2*k + z. Is k a multiple of 11?
True
Suppose 318454 = 93*d - 1844482 + 30260. Is d a multiple of 10?
False
Let z(h) = 2*h**2 + 4*h + 17. Let d be z(20). Let t = -579 + d. Is 9 a factor of t?
False
Let j(y) = 142*y**2 - 143*y**2 - 4 - 13 + 19*y. Does 5 divide j(5)?
False
Suppose -48*s + 15 = -43*s. Suppose -5*v + 160 = 4*q, -s*q + 52 = 3*v - 47. Is 6 a factor of v?
False
Suppose -2*d + 67 = 4*b + 21, -3*b = -d + 28. Suppose 3*q - 16 = 17. Let o = d + q. Does 9 divide o?
True
Let s be (-1245)/12*(-35 + 27). Suppose 5*n + 5*p - s = 0, -5*n - 4*p + 838 = -p. Is 10 a factor of n?
True
Let a(f) = -f**2 - f. Let z be a(-3). Let x be z/9*-6 - -46. Suppose 3*q + 27 = 3*g - 0*q, 5*g = 4*q + x. Is g a multiple of 14?
True
Let o be 24*(-1)/(4/(-7)). Suppose o = 4*g - g. Is (-7)/g + (-83)/(-2) a multiple of 18?
False
Suppose 14*p - 11*p - 46526 = 2*i, 4*p - 62051 = 5*i. Is 20 a factor of p?
False
Let r(f) = 8*f**2 - 119*f + 2640. Does 5 divide r(47)?
False
Let u = 13 + -5. Let b be (-82)/